e 282414?
True
Does 111 divide 145023?
False
Is 75608 a multiple of 4?
True
Is 572200 a multiple of 196?
False
Does 13 divide 18083602?
False
Does 80 divide 622320?
True
Is 5 a factor of 6396900?
True
Is 216402 a multiple of 6?
True
Is 13 a factor of 58079?
False
Is 48 a factor of 424915?
False
Does 138 divide 307274?
False
Does 75 divide 177065?
False
Does 11 divide 170691?
False
Is 704880 a multiple of 396?
True
Does 138 divide 394680?
True
Is 180750 a multiple of 134?
False
Is 91 a factor of 5422144?
True
Is 2 a factor of 713508?
True
Does 79 divide 108565?
False
Is 93 a factor of 2137977?
True
Does 253 divide 1939642?
False
Is 83853 a multiple of 121?
True
Does 4 divide 729916?
True
Is 2 a factor of 133798?
True
Is 3552956 a multiple of 725?
False
Is 169 a factor of 3447400?
False
Does 15 divide 162630?
True
Is 2128590 a multiple of 706?
True
Does 91 divide 11869187?
False
Does 35 divide 91875?
True
Is 10418 a multiple of 76?
False
Is 7 a factor of 3073366?
False
Is 336234 a multiple of 166?
False
Does 41 divide 6932526?
True
Is 7168928 a multiple of 988?
True
Does 674 divide 936860?
True
Does 259 divide 971509?
True
Is 271 a factor of 1462755?
False
Is 1211514 a multiple of 962?
False
Is 722304 a multiple of 88?
True
Does 159 divide 102098?
False
Is 100834 even?
True
Is 6256 a multiple of 7?
False
Is 46 a factor of 376924?
True
Is 4919170 a multiple of 16?
False
Is 271092 a multiple of 123?
True
Does 18 divide 1454490?
True
Is 148105 a multiple of 14?
False
Does 366 divide 16175004?
True
Is 154 a factor of 1164314?
False
Does 585 divide 1288170?
True
Does 216 divide 451664?
False
Does 16 divide 166368?
True
Is 616931 a multiple of 7?
True
Is 5 a factor of 185061?
False
Is 9 a factor of 100304?
False
Is 4084009 a multiple of 22?
False
Is 6893244 a multiple of 461?
False
Is 13935992 a multiple of 584?
True
Is 9372092 a multiple of 343?
False
Is 24 a factor of 8463817?
False
Is 1059366 a multiple of 77?
True
Does 179 divide 752516?
True
Does 295 divide 237251?
False
Does 78 divide 182364?
True
Is 575475 a multiple of 16?
False
Does 62 divide 127658?
True
Does 32 divide 7287963?
False
Is 178854 a multiple of 13?
True
Does 186 divide 668128?
False
Is 1245450 a multiple of 722?
True
Is 2182071 a multiple of 105?
False
Is 1580291 a multiple of 85?
False
Does 218 divide 30796?
False
Does 317 divide 11151109?
True
Does 2 divide 23471?
False
Does 758 divide 329730?
True
Is 127 a factor of 115316?
True
Is 45752 a multiple of 172?
True
Does 129 divide 2315679?
True
Is 809623 a multiple of 80?
False
Is 13 a factor of 380139?
False
Is 239 a factor of 34655?
True
Is 282359 a multiple of 86?
False
Does 17 divide 59942?
True
Is 15536195 a multiple of 239?
True
Is 430 a factor of 744838?
False
Does 202 divide 47874?
True
Does 110 divide 50068?
False
Is 20 a factor of 250020?
True
Does 8 divide 2408?
True
Does 5 divide 406987?
False
Is 25 a factor of 1315537?
False
Is 174041 a multiple of 41?
False
Is 4 a factor of 38954?
False
Is 6 a factor of 7892804?
False
Does 73 divide 163466?
False
Does 13 divide 403429?
True
Is 1308559 a multiple of 19?
False
Is 364630 a multiple of 5?
True
Is 1310833 a multiple of 4?
False
Does 103 divide 319942?
False
Is 1831296 a multiple of 192?
True
Is 938784 a multiple of 132?
True
Is 1232 a factor of 4670512?
True
Is 32 a factor of 133984?
True
Is 2 a factor of 943950?
True
Is 1101816 a multiple of 216?
True
Does 769 divide 2738409?
True
Is 37 a factor of 259715?
False
Is 4631816 a multiple of 19?
False
Is 312 a factor of 9040800?
False
Is 7 a factor of 21246?
False
Is 20 a factor of 257740?
True
Does 24 divide 1042080?
True
Does 28 divide 448948?
False
Is 563 a factor of 1852833?
True
Does 312 divide 606414?
False
Is 200 a factor of 1265400?
True
Does 13 divide 676126?
False
Does 20 divide 8036441?
False
Is 12 a factor of 125733?
False
Does 1066 divide 68224?
True
Is 4384902 a multiple of 106?
True
Is 11962251 a multiple of 21?
True
Does 233 divide 174051?
True
Does 6 divide 500244?
True
Is 3819750 a multiple of 22?
True
Is 43680 a multiple of 14?
True
Is 141180 even?
True
Does 223 divide 250564?
False
Is 28 a factor of 10052?
True
Does 61 divide 256530?
False
Is 10 a factor of 2433928?
False
Is 54954 a multiple of 19?
False
Is 63023 a multiple of 79?
False
Is 560446 a multiple of 178?
False
Is 4405516 a multiple of 206?
True
Is 522781 a multiple of 39?
False
Does 477 divide 687404?
False
Does 27 divide 82604?
False
Is 24 a factor of 205992?
True
Is 2495422 a multiple of 554?
False
Does 29 divide 9389?
False
Is 552 a factor of 3680574?
False
Is 10 a factor of 38989?
False
Does 2059 divide 6914352?
False
Does 318 divide 9865732?
False
Is 25 a factor of 953450?
True
Does 187 divide 11742104?
True
Is 53 a factor of 253817?
True
Does 68 divide 969986?
False
Is 513 a factor of 5571693?
True
Is 117474 a multiple of 18?
False
Is 248 a factor of 1046701?
False
Is 35 a factor of 302820?
True
Is 37 a factor of 1002034?
True
Is 37 a factor of 3414101?
True
Does 16 divide 27072?
True
Does 27 divide 35886?
False
Does 9 divide 2543?
False
Is 172205 a multiple of 19?
False
Does 173 divide 3533525?
True
Does 67 divide 1127295?
False
Is 322146 a multiple of 66?
True
Is 872 a factor of 23351421?
False
Is 6780935 a multiple of 21?
False
Is 461872 a multiple of 8?
True
Is 2775835 a multiple of 7?
False
Is 700560 a multiple of 105?
True
Is 3 a factor of 333823?
False
Does 414 divide 1364050?
False
Is 111 a factor of 94683?
True
Is 174416 a multiple of 88?
True
Is 557 a factor of 19374131?
True
Is 14 a factor of 1989?
False
Is 334 a factor of 101870?
True
Does 1725 divide 15489307?
False
Does 280 divide 1496600?
True
Does 13 divide 1803124?
False
Does 6 divide 148657?
False
Is 87 a factor of 65199?
False
Is 469 a factor of 4598545?
True
Is 1390 a multiple of 195?
False
Is 559891 a multiple of 16?
False
Does 594 divide 1133946?
True
Is 41 a factor of 212462?
True
Does 34 divide 91575?
False
Is 70 a factor of 912597?
False
Is 150199 a multiple of 7?
True
Is 58446 a multiple of 18?
True
Is 11 a factor of 64010?
False
Is 8 a factor of 133051?
False
Is 370 a factor of 116180?
True
Does 27 divide 109902?
False
Does 17 divide 5739897?
True
Is 65 a factor of 1292459?
False
Is 1443 a factor of 4826025?
False
Does 52 divide 211172?
True
Does 158 divide 5605050?
True
Is 36792 a multiple of 63?
True
Is 136864 a multiple of 26?
True
Is 15 a factor of 1356165?
True
Is 240 a factor of 1565161?
False
Is 29 a factor of 665057?
True
Is 2 a factor of 15270?
True
Is 310 a factor of 120359?
False
Is 287 a factor of 319718?
True
Is 359268 a multiple of 156?
True
Is 39 a factor of 1745250?
True
Is 209 a factor of 20347404?
True
Is 473805 a multiple of 9?
True
Is 11 a factor of 3987005?
True
Does 40 divide 628360?
True
Is 1737637 a multiple of 11?
True
Does 16 divide 296144?
True
Does 6 divide 229144?
False
Is 18 a factor of 5583563?
False
Does 11 divide 879406?
True
Is 954842 a multiple of 241?
True
Is 1266422 a multiple of 9?
False
Is 481 a factor of 9911486?
True
Is 436500 a multiple of 180?
True
Does 99 divide 2325114?
True
Is 215712 a multiple of 18?
True
Does 7 divide 800616?
False
Is 2 a factor of 428918?
True
Is 254785 a multiple of 201?
False
Is 854073 a multiple of 9?
True
Is 4 a factor of 14004?
True
Is 201 a factor of 78591?
True
Is 18 a factor of 1671999?
False
Does 4 divide 66984?
True
Is 70785 a multiple of 65?
True
Does 11 divide 3616019?
True
Is 9087 a multiple of 3?
True
Is 185829 a multiple of 192?
False
Is 150594 a multiple of 38?
True
Does 414 divide 3911858?
False
Is 1705920 a multiple of 96?
True
Is 199 a factor of 8487151?
True
Is 1470980 a multiple of 76?
True
Is 11 a factor of 234542?
True
Is 273216 a multiple of 12?
True
Is 391 a factor of 657183?
False
Is 124 a factor of 18887?
False
Is 11 a factor of 34613997?
True
Is 1104058 a multiple of 594?
False
Is 45 a factor of 99405?
True
Is 358024 a multiple of 20?
False
Does 64 divide 870912?
True
Does 64 divide 1482560?
True
Does 15 divide 1927230?
True
Is 19 a factor of 5547601?
True
Does 68 divide 368492?
True
Is 57795 a multiple of 22?
False
Is 134 a factor of 82142?
True
Does 255 divide 302559?
False
Is 1931920 a multiple of 779?
True
Does 10 divide 379130?
True
Does 52 divide 106677?
Fals